{"id":2597,"date":"2018-01-15T21:27:12","date_gmt":"2018-01-15T20:27:12","guid":{"rendered":"http:\/\/www.kullenspk.se\/?page_id=2597"},"modified":"2025-07-25T16:25:06","modified_gmt":"2025-07-25T14:25:06","slug":"nyborjarkurs-gronakortet","status":"publish","type":"page","link":"https:\/\/www.kullenspk.se\/?page_id=2597","title":{"rendered":"Nyb\u00f6rjarkurs"},"content":{"rendered":"\n<p><\/p>\n\n\n<hr \/><header class=\"entry-header\">\n<p class=\"entry-title\"><strong>(Pistolskyttekortet)<\/strong><\/p>\n<p><span style=\"color: #ff0000;\"><strong>H\u00f6stkurs 2025\u00a0<\/strong><\/span><\/p>\n<p>Max antalet deltagare \u00e4r 16.<\/p>\n<p><span style=\"color: #ff0000;\">Ni som blir uttagna och f\u00e5r m\u00f6jlighet att g\u00e5 kursen kommer att bli meddelade\/kontaktade innan n\u00e5gra dagar innan kursstarten.<\/span><\/p>\n<\/header>\n<div class=\"entry-content\">F\u00f6r att ut\u00f6va pistolskytte m\u00e5ste man ha genomg\u00e5tt en utbildning som kombinerar teori och praktiska \u00f6vningar med fokus p\u00e5 s\u00e4ker vapenhantering.<\/div>\n<div>\u00a0<\/div>\n<div class=\"entry-content\">N\u00e4r man genomg\u00e5tt kursen och klarat av de teoretiska och praktiska proven f\u00e5r man Pistolskyttekortet som utf\u00e4rdas av Svenska Pistolskyttef\u00f6rbundet.<\/div>\n<div class=\"entry-content\">Detta kort \u00e4r som ett \u201dk\u00f6rkort\u201d inom pistolskyttet och visar att man genomg\u00e5tt och klarat proven. Kortet \u00e4r ett krav f\u00f6r att f\u00e5 ut\u00f6va pistolskytte. Vi kallar denna kurs f\u00f6r \u201dGr\u00f6nakortet kursen\u201d<\/div>\n<div>\u00a0<\/div>\n<div class=\"entry-content\"><span style=\"color: #ff0000;\"><strong>Kursen 2025 kostar 3000 kr och d\u00e4r ing\u00e5r f\u00f6ljande:<\/strong><\/span><\/div>\n<div>\u00a0<\/div>\n<div class=\"entry-content\"><strong><span style=\"color: #ff0000;\">8 tillf\u00e4llen med praktiska skjut\u00f6vningar och teori. <\/span><\/strong><\/div>\n<div class=\"entry-content\"><strong><span style=\"color: #ff0000;\">Kursmaterial (h\u00e4fte).<\/span><\/strong><\/div>\n<div class=\"entry-content\"><strong><span style=\"color: #ff0000;\">SHB (skjuthandboken).<\/span><\/strong><\/div>\n<div class=\"entry-content\"><strong><span style=\"color: #ff0000;\">Ammunition.<\/span><\/strong><\/div>\n<div class=\"entry-content\"><strong><span style=\"color: #ff0000;\">L\u00e5n av vapen. <\/span><\/strong><\/div>\n<div class=\"entry-content\"><strong><span style=\"color: #ff0000;\">Fika eller liknande vid varje kurstillf\u00e4lle.<\/span><\/strong><\/div>\n<div class=\"entry-content\"><strong><span style=\"color: #ff0000;\">Skriftligt slutprov.<\/span><\/strong><\/div>\n<div class=\"entry-content\"><strong><span style=\"color: #ff0000;\">Praktiskt skjutprov motsvarande bronsm\u00e4rket.<\/span><\/strong><\/div>\n<div class=\"entry-content\"><strong><span style=\"color: #ff0000;\"> Bronsm\u00e4rket.<\/span><\/strong><\/div>\n<div class=\"entry-content\"><strong><span style=\"color: #ff0000;\"> Pistolskyttekortet (Gr\u00f6na Kortet).<\/span><\/strong><\/div>\n<div class=\"entry-content\"><strong><span style=\"color: #ff0000;\"> Medlemskap i Kullens PK Medlemsavgift \u00e5r 2025\/2026.<\/span><\/strong><\/div>\n<div>\u00a0<\/div>\n<div class=\"entry-content\"><strong>F\u00f6r att klara Gr\u00f6nt Kort kr\u00e4vs f\u00f6ljande:<\/strong><\/div>\n<div class=\"entry-content\">Kursdeltagare skall ans\u00f6ka om medlemskap i Kullens PK och uppvisa o\u00f6ppnat utdrag fr\u00e5n belastningsregistret. (Utdrag ur belastningsregistret kommer endast att l\u00e4sas av kursansvarig\/styrelse p\u00e5 Kullens PK och \u00f6ppnas tillsammans med kursdeltagaren.) Kursdeltagaren skall klara godk\u00e4nt p\u00e5 det skriftliga provet och skjuta godk\u00e4nt i det praktiska provet. Kurserna som \u00e4r planerade l\u00e4ggs som oftast v\u00e5r och h\u00f6st. utbildningen sker i f\u00f6reningens klubbstugan.<\/div>\n<div>\u00a0<\/div>\n<div class=\"entry-content\"><span style=\"color: #ff0000;\"><strong>Anm\u00e4lan till kursen sker via mail till : <\/strong><\/span><a href=\"mailto:info@kullenspk.se\">\u00a0info@kullenspk.se<\/a><\/div>\n<div>\u00a0<\/div>\n<div class=\"entry-content\"><strong><span style=\"color: #ff0000;\">Obs!<\/span><\/strong> Ni f\u00e5r ingen bekr\u00e4ftelse efter att ni registrerat er via hemsidan och mallen d\u00e4r.<\/div>\n<div class=\"entry-content\">Ni bli kontaktade strax innan informationsdagens b\u00f6rjan.<\/div>\n<div>\u00a0<\/div>\n<div class=\"entry-content\">Ta chansen att prova p\u00e5 denna mycket roliga sport och tr\u00e4ffa nya v\u00e4nner!<\/div>","protected":false},"excerpt":{"rendered":"<p>(Pistolskyttekortet) H\u00f6stkurs 2025\u00a0 Max antalet deltagare \u00e4r 16. Ni som blir uttagna och f\u00e5r m\u00f6jlighet att g\u00e5 kursen kommer att bli meddelade\/kontaktade innan n\u00e5gra dagar innan kursstarten. F\u00f6r att ut\u00f6va pistolskytte m\u00e5ste man ha genomg\u00e5tt en utbildning som kombinerar teori och praktiska \u00f6vningar med fokus p\u00e5 s\u00e4ker vapenhantering. \u00a0 N\u00e4r man genomg\u00e5tt kursen och klarat [&hellip;]<\/p>\n","protected":false},"author":6,"featured_media":0,"parent":291,"menu_order":0,"comment_status":"closed","ping_status":"closed","template":"","meta":{"footnotes":"","_links_to":"","_links_to_target":""},"class_list":["post-2597","page","type-page","status-publish","hentry","post"],"_links":{"self":[{"href":"https:\/\/www.kullenspk.se\/index.php?rest_route=\/wp\/v2\/pages\/2597","targetHints":{"allow":["GET"]}}],"collection":[{"href":"https:\/\/www.kullenspk.se\/index.php?rest_route=\/wp\/v2\/pages"}],"about":[{"href":"https:\/\/www.kullenspk.se\/index.php?rest_route=\/wp\/v2\/types\/page"}],"author":[{"embeddable":true,"href":"https:\/\/www.kullenspk.se\/index.php?rest_route=\/wp\/v2\/users\/6"}],"replies":[{"embeddable":true,"href":"https:\/\/www.kullenspk.se\/index.php?rest_route=%2Fwp%2Fv2%2Fcomments&post=2597"}],"version-history":[{"count":61,"href":"https:\/\/www.kullenspk.se\/index.php?rest_route=\/wp\/v2\/pages\/2597\/revisions"}],"predecessor-version":[{"id":7013,"href":"https:\/\/www.kullenspk.se\/index.php?rest_route=\/wp\/v2\/pages\/2597\/revisions\/7013"}],"up":[{"embeddable":true,"href":"https:\/\/www.kullenspk.se\/index.php?rest_route=\/wp\/v2\/pages\/291"}],"wp:attachment":[{"href":"https:\/\/www.kullenspk.se\/index.php?rest_route=%2Fwp%2Fv2%2Fmedia&parent=2597"}],"curies":[{"name":"wp","href":"https:\/\/api.w.org\/{rel}","templated":true}]}}